{"id":61,"date":"2014-09-22T21:13:03","date_gmt":"2014-09-22T21:13:03","guid":{"rendered":"http:\/\/www.larsaoluiz.org.br\/?page_id=61"},"modified":"2019-06-20T19:34:00","modified_gmt":"2019-06-20T19:34:00","slug":"historia","status":"publish","type":"page","link":"http:\/\/www.larsaoluiz.org.br\/?page_id=61","title":{"rendered":"Hist\u00f3ria"},"content":{"rendered":"<p>O antigo Asilo S\u00e3o Luiz foi fundado em 21 de junho de 1919, pelo Padre\u00a0Jo\u00e3o Michel e pela Madre Maria dos Anjos de Rullier, na \u00e9poca para assistir \u00f3rf\u00e3os de pais vitimados pela gripe espanhola.<\/p>\n<p>Anos ap\u00f3s sua funda\u00e7\u00e3o, em 1957, o arcebispo Dom Manuel da Silveira D\u2019Elboux, reconhecendo a import\u00e2ncia social da institui\u00e7\u00e3o, cedeu em comodato o pr\u00e9dio situado \u00e0 Rua Bento Viana, 71, onde o Lar encontra-se at\u00e9 hoje. No in\u00edcio da d\u00e9cada de 70, o ent\u00e3o Asilo S\u00e3o Luiz, passou a se chamar Lar dos Meninos de S\u00e3o Luiz, abrigando 50 meninos internos e 70 em regime semi-interno. Foi somente em 1986 que o Lar adotou a rotina cumprida at\u00e9 os dias de hoje, atendendo crian\u00e7as em situa\u00e7\u00e3o de vulnerabilidade social, estudantes da Escola Municipal S\u00e3o Luiz, em regime de contraturno.<\/p>\n<p>Ao longo desta hist\u00f3ria passaram pela institui\u00e7\u00e3o mais de 14.000 crian\u00e7as, atendidas em sua maior parte pelas Irm\u00e3s de S\u00e3o Jos\u00e9 de Chambery, que durante 94 anos mantiveram\u00a0o projeto vivo.<\/p>\n<p>Em 2014 o Lar dos Meninos de S\u00e3o Luiz passou a ser mantido pela Arquidiocese de Curitiba, representada pelo P\u00e1roco do Santu\u00e1rio do Sagrado Cora\u00e7\u00e3o de Jesus no exerc\u00edcio da efetiva administra\u00e7\u00e3o da institui\u00e7\u00e3o.<\/p>\n","protected":false},"excerpt":{"rendered":"<p>O antigo Asilo S\u00e3o Luiz foi fundado em 21 de junho de 1919, pelo Padre\u00a0Jo\u00e3o Michel e pela Madre Maria dos Anjos de Rullier, na \u00e9poca para assistir \u00f3rf\u00e3os de pais vitimados pela gripe espanhola. Anos ap\u00f3s sua funda\u00e7\u00e3o, em 1957, o arcebispo Dom Manuel da Silveira D\u2019Elboux, reconhecendo a import\u00e2ncia social da institui\u00e7\u00e3o, cedeu &#8230;<\/p>\n","protected":false},"author":1,"featured_media":0,"parent":5,"menu_order":0,"comment_status":"closed","ping_status":"closed","template":"","meta":{"ngg_post_thumbnail":0},"_links":{"self":[{"href":"http:\/\/www.larsaoluiz.org.br\/index.php?rest_route=\/wp\/v2\/pages\/61"}],"collection":[{"href":"http:\/\/www.larsaoluiz.org.br\/index.php?rest_route=\/wp\/v2\/pages"}],"about":[{"href":"http:\/\/www.larsaoluiz.org.br\/index.php?rest_route=\/wp\/v2\/types\/page"}],"author":[{"embeddable":true,"href":"http:\/\/www.larsaoluiz.org.br\/index.php?rest_route=\/wp\/v2\/users\/1"}],"replies":[{"embeddable":true,"href":"http:\/\/www.larsaoluiz.org.br\/index.php?rest_route=%2Fwp%2Fv2%2Fcomments&post=61"}],"version-history":[{"count":4,"href":"http:\/\/www.larsaoluiz.org.br\/index.php?rest_route=\/wp\/v2\/pages\/61\/revisions"}],"predecessor-version":[{"id":456,"href":"http:\/\/www.larsaoluiz.org.br\/index.php?rest_route=\/wp\/v2\/pages\/61\/revisions\/456"}],"up":[{"embeddable":true,"href":"http:\/\/www.larsaoluiz.org.br\/index.php?rest_route=\/wp\/v2\/pages\/5"}],"wp:attachment":[{"href":"http:\/\/www.larsaoluiz.org.br\/index.php?rest_route=%2Fwp%2Fv2%2Fmedia&parent=61"}],"curies":[{"name":"wp","href":"https:\/\/api.w.org\/{rel}","templated":true}]}}

História

<p>O antigo Asilo São Luiz foi fundado em 21 de junho de 1919, pelo Padre João Michel e pela Madre Maria dos Anjos de Rullier, na época para assistir órfãos de pais vitimados pela gripe espanhola.</p>
<p>Anos após sua fundação, em 1957, o arcebispo Dom Manuel da Silveira D’Elboux, reconhecendo a importância social da instituição, cedeu em comodato o prédio situado à Rua Bento Viana, 71, onde o Lar encontra-se até hoje. No início da década de 70, o então Asilo São Luiz, passou a se chamar Lar dos Meninos de São Luiz, abrigando 50 meninos internos e 70 em regime semi-interno. Foi somente em 1986 que o Lar adotou a rotina cumprida até os dias de hoje, atendendo crianças em situação de vulnerabilidade social, estudantes da Escola Municipal São Luiz, em regime de contraturno.</p>
<p>Ao longo desta história passaram pela instituição mais de 14.000 crianças, atendidas em sua maior parte pelas Irmãs de São José de Chambery, que durante 94 anos mantiveram o projeto vivo.</p>
<p>Em 2014 o Lar dos Meninos de São Luiz passou a ser mantido pela Arquidiocese de Curitiba, representada pelo Pároco do Santuário do Sagrado Coração de Jesus no exercício da efetiva administração da instituição.</p>

<p>O antigo Asilo São Luiz foi fundado em 21 de junho de 1919, pelo Padre João Michel e pela Madre Maria dos Anjos de Rullier, na época para assistir órfãos de pais vitimados pela gripe espanhola. Anos após sua fundação, em 1957, o arcebispo Dom Manuel da Silveira D’Elboux, reconhecendo a importância social da instituição, cedeu &#8230;</p>
