{"id":95,"date":"2014-09-22T21:29:33","date_gmt":"2014-09-22T21:29:33","guid":{"rendered":"http:\/\/www.larsaoluiz.org.br\/?page_id=95"},"modified":"2019-06-20T19:17:15","modified_gmt":"2019-06-20T19:17:15","slug":"clube-da-leitura","status":"publish","type":"page","link":"http:\/\/www.larsaoluiz.org.br\/?page_id=95","title":{"rendered":"Clube da Leitura"},"content":{"rendered":"<p style=\"text-align: justify;\">O Clube da Leitura acontece nas tardes de ter\u00e7as e quintas, como conta a volunt\u00e1ria idealizadora do projeto:<\/p>\n<blockquote>\n<p style=\"text-align: justify;\">\u201cAs estantes repletas de livros estavam chamando as crian\u00e7as. Foi s\u00f3 deixar a porta deste espa\u00e7o aberta para as crian\u00e7as chegarem. Foram se apropriando e foleando os livros, emprestando-os para levar para casa, desenhando os personagens favoritos de est\u00f3rias queridas. Assim acontece quando o clube da leitura est\u00e1 aberto. \u00c9 um convite para que as crian\u00e7as do Lar se aproximem da literatura e sintam o prazer da leitura, independente da sua idade. Esse \u00e9 nosso desejo maior\u201d<\/p>\n<p><em><strong>Silvia<\/strong>, volunt\u00e1ria no Lar dos Meninos de S\u00e3o Luiz<\/em><\/p><\/blockquote>\n","protected":false},"excerpt":{"rendered":"<p>O Clube da Leitura acontece nas tardes de ter\u00e7as e quintas, como conta a volunt\u00e1ria idealizadora do projeto: \u201cAs estantes repletas de livros estavam chamando as crian\u00e7as. Foi s\u00f3 deixar a porta deste espa\u00e7o aberta para as crian\u00e7as chegarem. Foram se apropriando e foleando os livros, emprestando-os para levar para casa, desenhando os personagens favoritos &#8230;<\/p>\n","protected":false},"author":1,"featured_media":0,"parent":0,"menu_order":0,"comment_status":"closed","ping_status":"closed","template":"","meta":{"ngg_post_thumbnail":0},"_links":{"self":[{"href":"http:\/\/www.larsaoluiz.org.br\/index.php?rest_route=\/wp\/v2\/pages\/95"}],"collection":[{"href":"http:\/\/www.larsaoluiz.org.br\/index.php?rest_route=\/wp\/v2\/pages"}],"about":[{"href":"http:\/\/www.larsaoluiz.org.br\/index.php?rest_route=\/wp\/v2\/types\/page"}],"author":[{"embeddable":true,"href":"http:\/\/www.larsaoluiz.org.br\/index.php?rest_route=\/wp\/v2\/users\/1"}],"replies":[{"embeddable":true,"href":"http:\/\/www.larsaoluiz.org.br\/index.php?rest_route=%2Fwp%2Fv2%2Fcomments&post=95"}],"version-history":[{"count":5,"href":"http:\/\/www.larsaoluiz.org.br\/index.php?rest_route=\/wp\/v2\/pages\/95\/revisions"}],"predecessor-version":[{"id":155,"href":"http:\/\/www.larsaoluiz.org.br\/index.php?rest_route=\/wp\/v2\/pages\/95\/revisions\/155"}],"wp:attachment":[{"href":"http:\/\/www.larsaoluiz.org.br\/index.php?rest_route=%2Fwp%2Fv2%2Fmedia&parent=95"}],"curies":[{"name":"wp","href":"https:\/\/api.w.org\/{rel}","templated":true}]}}

<p style="text-align: justify;">O Clube da Leitura acontece nas tardes de terças e quintas, como conta a voluntária idealizadora do projeto:</p>
<blockquote>
<p style="text-align: justify;">“As estantes repletas de livros estavam chamando as crianças. Foi só deixar a porta deste espaço aberta para as crianças chegarem. Foram se apropriando e foleando os livros, emprestando-os para levar para casa, desenhando os personagens favoritos de estórias queridas. Assim acontece quando o clube da leitura está aberto. É um convite para que as crianças do Lar se aproximem da literatura e sintam o prazer da leitura, independente da sua idade. Esse é nosso desejo maior”</p>
<p><em><strong>Silvia</strong>, voluntária no Lar dos Meninos de São Luiz</em></p></blockquote>

<p>O Clube da Leitura acontece nas tardes de terças e quintas, como conta a voluntária idealizadora do projeto: “As estantes repletas de livros estavam chamando as crianças. Foi só deixar a porta deste espaço aberta para as crianças chegarem. Foram se apropriando e foleando os livros, emprestando-os para levar para casa, desenhando os personagens favoritos &#8230;</p>
